 Suppose h = n + g - 122, 5*g - 28 = -n + 102. Suppose 0*k + 50 = 5*k. What is the greatest common divisor of n and k?
10
Let v be (-1)/((-248)/93) - ((-79470)/(-16))/(-3). Calculate the highest common divisor of v and 736.
184
Let u be -17*28/12*-3. Let m = u - 81. Suppose -2*c - 8 = -2*i + i, 4*i = 2*c + m. Calculate the greatest common factor of i and 10.
10
Suppose 34*x - 263*x + 4580 = 0. Calculate the highest common factor of 572 and x.
4
Suppose -11*n - 7 + 29 = 0. Suppose -y - 136 = -n*y. What is the highest common factor of y and 16?
8
Let o(w) = 87*w + 13. Let s be o(1). Suppose -4*l - 116 = -7*l - 2*r, 3*l - s = 2*r. What is the highest common divisor of l and 18?
18
Let i be -4 - (0 + 6)*138/(-23). Let v(q) = -q + 6*q**2 - 4 + 15 + 8*q. Let s be v(-7). What is the highest common divisor of s and i?
32
Suppose 3*v - 3*b = 36, 4*b - 293 = -v - 276. Let p = -272 - -454. Suppose -p = -3*w + w. Calculate the greatest common factor of w and v.
13
Let p be 278/1807 - (2 - 3582/39). What is the greatest common factor of p and 9210?
30
Suppose 212 = -78*o + 80*o. Let d = o + -102. Suppose 0 = -5*g + 5*a + 475, 0 = -11*g + 6*g + d*a + 470. What is the highest common factor of g and 30?
30
Suppose 146*n = 116587 + 91317. What is the greatest common divisor of 89 and n?
89
Let a(k) = k**3 - 7*k**2 + 10*k - 11. Let u be a(8). What is the highest common divisor of 38 and u?
19
Suppose 2*g = 4*g - 12. Suppose -g*a + 5*a + 425 = 0. Calculate the greatest common factor of a and 170.
85
Let v(d) = -d**2 - 3*d - 26. Let g be v(-9). Let z = -63 - g. Let s be -1*(-1 + 4)*-17. Calculate the highest common divisor of z and s.
17
Let q(n) = -n**2 - 22*n + 3. Let a be q(-17). Let p(l) = -5*l + 2 - 1 + 4*l. Let j be p(-7). What is the greatest common divisor of j and a?
8
Let t be 8 + -16 - (-144 - -7). What is the highest common factor of t and 7?
1
Let u = -509 - -519. Let f(g) = g + 7. Let c be f(u). Calculate the greatest common factor of 323 and c.
17
Let p(x) = -5 + 3 + 31 + 2*x**2 + 18 - 3*x**2 + 19*x. Let z be p(21). What is the greatest common factor of z and 115?
5
Let x = -3376 + 3378. Let o = 0 + 0. Suppose -4*y + 3*s = -145, o = 2*y - 5*y - x*s + 130. Calculate the highest common divisor of y and 5.
5
Suppose 4*m + 12 = 0, -3*m + 529 + 50 = -4*b. Let y be (-9 - -11)*b/(-14). Calculate the greatest common divisor of y and 336.
21
Let i be (-72)/28*(-630)/3. Let c be (i/24)/(6/8). Let t(g) = -7*g - 2. Let o be t(-2). What is the highest common divisor of o and c?
6
Let w = -221 - -3686. Calculate the highest common factor of w and 18.
9
Let i(w) = -4*w + 16. Let b = -55 - -100. Suppose 82*t - 87*t = b. Let c be i(t). What is the greatest common factor of c and 13?
13
Suppose x = -123 + 143. Let y(m) = -m**3 + 21*m**2 - 16*m + 64. Let i be y(x). Calculate the greatest common factor of i and 40.
8
Let a(s) = 13*s - 337. Let t be a(27). What is the highest common factor of 1589 and t?
7
Let v(j) = 7*j + 191. Let h(x) = -6*x - 190. Let u(t) = -5*h(t) - 4*v(t). Let y be u(24). What is the greatest common factor of y and 18?
18
Suppose -11*h - 5*t = -10*h + 5, -2*t = 8. What is the greatest common factor of h and 30?
15
Let f be 2/(-5) - 24/(-10). Suppose -470 = -5*z - 4*v + 868, 5*v - 525 = -f*z. What is the greatest common divisor of z and 45?
45
Let l = -3849 + 3868. What is the greatest common factor of l and 722?
19
Suppose -5*l + 61 + 19 = 0. Suppose -135 = -7*s + 180. Let u = 3 + s. What is the greatest common factor of l and u?
16
Let z be (-302526)/(-980) + 6/20. Calculate the highest common factor of z and 721.
103
Let s(b) = 18*b**2 + 1 + 4 - 3 - 2*b. Let o be s(2). Suppose -5*f - 5*q + 45 = 0, 0 = 3*f + q + 4 - 33. Calculate the greatest common divisor of o and f.
10
Let i(w) = 24*w**2 + 54*w + 1950. Let d be i(-20). Calculate the highest common factor of 60 and d.
30
Suppose 3*p - p + 14 = 0. Let r be (-2)/(((-14)/(-3))/p). Suppose r*q - 37 - 17 = 0. What is the greatest common factor of q and 90?
18
Let o = 5151 - 4201. Calculate the highest common factor of o and 650.
50
Suppose -25*p = 8*p - 17985. Suppose 2*n - 823 = -3*w, -2*w - 6*n = -n - p. What is the greatest common factor of 25 and w?
25
Let s be 2/(1/(-4 - -5)) + 1174. Calculate the greatest common factor of s and 14.
14
Suppose 4*y + 4 - 10 = -2*i, -3*i + 5*y = -20. Let p(a) = 2*a**2 + 10*a - 10. Let s be p(i). What is the highest common factor of 10 and s?
10
Let g be (80/12)/(-2 + 48/18). Suppose -g = -4*s + 14. Suppose -3*d + 6*d - 9 = 0. What is the greatest common factor of s and d?
3
Let q be (23 - 828/23)*(-77)/1. What is the greatest common divisor of q and 385?
77
Suppose 0 = -o - 5, -x + 27*o = 28*o - 44. Suppose -63*s + 154 = -x*s. Calculate the greatest common divisor of s and 209.
11
Suppose -21 = 3*r, 0 = 41*c - 39*c + 5*r - 3287. What is the greatest common divisor of c and 151?
151
Suppose -556*h + 46*h - 78*h + 74088 = 0. Calculate the highest common factor of 4200 and h.
42
Let r = 65 - 20. Suppose 16*l = -20*l + 108. Calculate the greatest common divisor of r and l.
3
Let v(f) = -f**3 + 6*f**2 + 11*f - 66. Let u be v(6). Suppose -4*j + 425 = -0*j + 3*l, -3*j + 3*l + 303 = u. Calculate the highest common factor of j and 8.
8
Suppose 0 = 46*w - 32*w - 1792. Suppose 5*n + 14*x - 12*x - 400 = 0, n - 5*x - 80 = 0. What is the greatest common divisor of n and w?
16
Suppose -i = -m - 275, 0*i + m + 827 = 3*i. Suppose -1389 = -3*d - 3*h, 2*h + h = 5*d - 2291. Calculate the highest common factor of i and d.
92
Suppose 12 = -18*q + 21*q. Suppose 0 = -q*y + 7*y - 36. What is the greatest common divisor of y and 32?
4
Let o be 53/((-60)/300*15/(-12)). Calculate the highest common divisor of 22 and o.
2
Let u(j) = 57*j - 299. Let g be u(57). Calculate the highest common divisor of 30 and g.
10
Let n = 340 - 335. Suppose 0 = -n*i - 3*d + 2744, -5*i = -16*d + 13*d - 2756. What is the greatest common factor of i and 50?
50
Let q(w) = w**2 - 29*w - 134. Let r be q(37). What is the highest common factor of 495 and r?
9
Let g(h) = h**3 - 22*h**2 + 50*h - 5. Let d be g(20). Suppose a - 16*j - d = -20*j, 429 = 2*a - 5*j. What is the greatest common factor of a and 9?
9
Let j be (-28 - -35 - 255/21)/((-6)/140). Calculate the highest common divisor of j and 11640.
120
Let h(j) = j**2 - 2*j + 3. Let c be h(0). Suppose 7*k = 403 - 67. What is the greatest common divisor of c and k?
3
Let g = 1453 - 1381. Calculate the highest common divisor of g and 117.
9
Suppose -4*z - 2*x + x + 41 = 0, 0 = -3*x + 15. Suppose z*j + 3*j = 72. Calculate the highest common factor of 138 and j.
6
Suppose -w + 2*m + 21 = 0, 4*w = 39*m - 46*m - 36. Calculate the greatest common divisor of w and 15605.
5
Let q(c) = -c**3 - 6*c**2 + 14*c + 9. Let x be q(0). What is the highest common factor of x and 2151?
9
Suppose -439*q = -446*q + 1785. Suppose -13*j + q = 2*j. Let m be (-342)/(-4) + 1/(-2). Calculate the greatest common factor of j and m.
17
Suppose 0 = -39*t - 268*t + 126484. Calculate the highest common divisor of t and 721.
103
Suppose -4*h + 5*h - 3 = 5*z, -3*z + 12 = 4*h. Suppose 4*b + z*b = -3*j + 247, -285 = -5*b + j. Calculate the highest common factor of 87 and b.
29
Suppose 115*v = 116*v - 360. Let b be (1/(-4))/(18/v) + 500. Calculate the greatest common divisor of 45 and b.
45
Let a be (2*(-7)/28)/((-1)/12). Let b be (1036/(-6))/(80/a + -14). Calculate the highest common factor of 14 and b.
7
Suppose 0 = -p - p + 72. Let v = 50 + -51. Let f(o) = -17*o**3 + 3*o**2 + 3*o + 1. Let r be f(v). What is the highest common divisor of p and r?
18
Let o = 4524 + -4359. What is the highest common divisor of o and 1265?
55
Suppose -o + 4*m = 74 - 106, 0 = -5*o - m + 139. What is the greatest common divisor of 924 and o?
28
Suppose -4*f = -8*f + 148. Let t(y) = -63*y - 5957. Let n be t(-94). Let w = f + n. What is the highest common divisor of 18 and w?
2
Suppose 0 = 4*m - m - 1485. Let u be (10/85 - 2/(408/177))*-20. What is the greatest common divisor of u and m?
15
Suppose 2953 = 16*b - 3804 - 13403. What is the greatest common factor of 270 and b?
90
Suppose -483 = 6*d - 513. Let u be (-8)/(-3) - (-2)/6. Calculate the greatest common factor of d and u.
1
Let q(r) = -3*r**3 + r**2 - r + 1. Let j 